{"id":616,"date":"2012-09-14T21:39:57","date_gmt":"2012-09-14T20:39:57","guid":{"rendered":"http:\/\/chico.fr\/chicowp\/?page_id=616"},"modified":"2020-06-22T21:11:57","modified_gmt":"2020-06-22T19:11:57","slug":"le-groupe","status":"publish","type":"page","link":"https:\/\/chico.fr\/chicowp\/le-groupe\/","title":{"rendered":"Le Groupe"},"content":{"rendered":"<p>Depuis vingt ans, le groupe \u00ab Chico &amp; the Gypsies \u00bb se produit dans le monde entier et participe aux soir\u00e9es les plus prestigieuses (Paris, New York, Tokyo, Moscou, Beyrouth, Duba\u00ef, etc\u2026). 2012 est l\u2019occasion de f\u00eater en musique avec l\u2019album \u00ab &amp; Friends\u2026 \u00bb les 20 ans du groupe \u00ab Chico &amp; the Gypsies \u00bb et les 25 ans de la sortie du tube plan\u00e9taire, Bambol\u00e9o.<\/p>\n<p style=\"text-align: center;\"><strong>Le groupe \u00ab\u00a0Chico &amp; the Gypsies\u00a0\u00bb est compos\u00e9 de 7 artistes guitaristes-chanteurs.<\/strong><\/p>\n<p>&nbsp; <a href=\"http:\/\/chico.fr\/chicowp\/wp-content\/uploads\/2012\/09\/Chico_les_duos-061.jpg\"><img decoding=\"async\" loading=\"lazy\" class=\"size-medium wp-image-1270 aligncenter\" title=\"Chico_les_duos-06\" src=\"http:\/\/chico.fr\/chicowp\/wp-content\/uploads\/2012\/09\/Chico_les_duos-061-300x200.jpg\" alt=\"\" width=\"300\" height=\"200\" srcset=\"https:\/\/chico.fr\/chicowp\/wp-content\/uploads\/2012\/09\/Chico_les_duos-061-300x200.jpg 300w, https:\/\/chico.fr\/chicowp\/wp-content\/uploads\/2012\/09\/Chico_les_duos-061-1024x682.jpg 1024w\" sizes=\"(max-width: 300px) 100vw, 300px\" \/><\/a><\/p>\n<p style=\"text-align: center;\"><strong>CHICO<\/strong><\/p>\n<p style=\"text-align: center;\">Leader charismatique et fondateur du groupe Chico &amp; the Gypsies,<\/p>\n<p style=\"text-align: center;\">il m\u00e8ne son groupe avec la m\u00eame passion depuis toujours.<\/p>\n<p>&nbsp;<\/p>\n<table style=\"width: 90%;\" cellspacing=\"1\" cellpadding=\"1\" border=\"0\" align=\"center\">\n<tbody>\n<tr>\n<td style=\"width: 33%; text-align: center;\"><a href=\"http:\/\/chico.fr\/chicowp\/wp-content\/uploads\/2012\/09\/Gipsy_2011_05_20-11.jpg\"><img decoding=\"async\" loading=\"lazy\" class=\"alignnone size-medium wp-image-1262\" title=\"Gipsy_2011_05_20-11\" src=\"http:\/\/chico.fr\/chicowp\/wp-content\/uploads\/2012\/09\/Gipsy_2011_05_20-11-200x300.jpg\" alt=\"\" width=\"200\" height=\"300\" srcset=\"https:\/\/chico.fr\/chicowp\/wp-content\/uploads\/2012\/09\/Gipsy_2011_05_20-11-200x300.jpg 200w, https:\/\/chico.fr\/chicowp\/wp-content\/uploads\/2012\/09\/Gipsy_2011_05_20-11-600x900.jpg 600w, https:\/\/chico.fr\/chicowp\/wp-content\/uploads\/2012\/09\/Gipsy_2011_05_20-11.jpg 667w\" sizes=\"(max-width: 200px) 100vw, 200px\" \/><\/a><\/td>\n<td>\n<p style=\"text-align: center;\"><strong>MOUNIN<\/strong><\/p>\n<p style=\"text-align: center;\">Une des plus belles voix gitanes actuelle fougue et passion pour son jeu de sc\u00e8ne.<\/p>\n<\/td>\n<td style=\"width: 33%; text-align: center;\"><a href=\"http:\/\/chico.fr\/chicowp\/wp-content\/uploads\/2012\/09\/Kassaka_1NB.jpg\"><img decoding=\"async\" loading=\"lazy\" class=\"alignnone size-medium wp-image-1538\" src=\"http:\/\/chico.fr\/chicowp\/wp-content\/uploads\/2012\/09\/Kassaka_1NB-230x300.jpg\" alt=\"Kassaka_1NB\" width=\"213\" height=\"300\"><\/a><\/td>\n<td>\n<p style=\"text-align: center;\"><strong>KASSAKA<\/strong><\/p>\n<p style=\"text-align: center;\">Le plus jeune du groupe, une voix puissante et une intention toute en sensibilit\u00e9 dans son interpr\u00e9tation.<\/p>\n<\/td>\n<td>\n<p style=\"text-align: center;\">&nbsp;<\/p>\n<\/td>\n<\/tr>\n<\/tbody>\n<\/table>\n<p>&nbsp;<\/p>\n<table style=\"width: 90%;\" cellspacing=\"1\" cellpadding=\"1\" border=\"0\" align=\"center\">\n<tbody>\n<tr>\n<td style=\"text-align: center;\"><a href=\"http:\/\/chico.fr\/chicowp\/wp-content\/uploads\/2012\/09\/Gipsy_2011_05_20-18.jpg\"><img decoding=\"async\" loading=\"lazy\" class=\"alignnone size-medium wp-image-1263\" title=\"Gipsy_2011_05_20-18\" src=\"http:\/\/chico.fr\/chicowp\/wp-content\/uploads\/2012\/09\/Gipsy_2011_05_20-18-200x300.jpg\" alt=\"\" width=\"200\" height=\"300\" srcset=\"https:\/\/chico.fr\/chicowp\/wp-content\/uploads\/2012\/09\/Gipsy_2011_05_20-18-200x300.jpg 200w, https:\/\/chico.fr\/chicowp\/wp-content\/uploads\/2012\/09\/Gipsy_2011_05_20-18-600x900.jpg 600w, https:\/\/chico.fr\/chicowp\/wp-content\/uploads\/2012\/09\/Gipsy_2011_05_20-18.jpg 667w\" sizes=\"(max-width: 200px) 100vw, 200px\" \/><\/a><\/td>\n<td style=\"text-align: center;\"><a href=\"http:\/\/chico.fr\/chicowp\/wp-content\/uploads\/2012\/09\/Gipsy_2011_05_20-8.jpg\"><img decoding=\"async\" loading=\"lazy\" class=\"alignnone size-medium wp-image-1267\" title=\"Gipsy_2011_05_20-8\" src=\"http:\/\/chico.fr\/chicowp\/wp-content\/uploads\/2012\/09\/Gipsy_2011_05_20-8-200x300.jpg\" alt=\"\" width=\"200\" height=\"300\" srcset=\"https:\/\/chico.fr\/chicowp\/wp-content\/uploads\/2012\/09\/Gipsy_2011_05_20-8-200x300.jpg 200w, https:\/\/chico.fr\/chicowp\/wp-content\/uploads\/2012\/09\/Gipsy_2011_05_20-8-600x900.jpg 600w, https:\/\/chico.fr\/chicowp\/wp-content\/uploads\/2012\/09\/Gipsy_2011_05_20-8.jpg 667w\" sizes=\"(max-width: 200px) 100vw, 200px\" \/><\/a><\/td>\n<td style=\"text-align: center;\"><a href=\"http:\/\/chico.fr\/chicowp\/wp-content\/uploads\/2012\/09\/Gipsy_2011_05_20-21.jpg\"><img decoding=\"async\" loading=\"lazy\" class=\"alignnone size-medium wp-image-1266\" title=\"Gipsy_2011_05_20-21\" src=\"http:\/\/chico.fr\/chicowp\/wp-content\/uploads\/2012\/09\/Gipsy_2011_05_20-21-200x300.jpg\" alt=\"\" width=\"200\" height=\"300\" srcset=\"https:\/\/chico.fr\/chicowp\/wp-content\/uploads\/2012\/09\/Gipsy_2011_05_20-21-200x300.jpg 200w, https:\/\/chico.fr\/chicowp\/wp-content\/uploads\/2012\/09\/Gipsy_2011_05_20-21-600x900.jpg 600w, https:\/\/chico.fr\/chicowp\/wp-content\/uploads\/2012\/09\/Gipsy_2011_05_20-21.jpg 667w\" sizes=\"(max-width: 200px) 100vw, 200px\" \/><\/a><\/td>\n<\/tr>\n<tr>\n<td>\n<p style=\"text-align: center;\"><strong>JOSEPH<\/strong><\/p>\n<p style=\"text-align: center;\">La nouvelle g\u00e9n\u00e9ration, une voix de t\u00e9nor qui allie puissance et \u00e9motion.<\/p>\n<\/td>\n<td>\n<p style=\"text-align: center;\"><strong>REY<\/strong><\/p>\n<p style=\"text-align: center;\">L&rsquo;indompt\u00e9, il a incarn\u00e9 \u00ab\u00a0L&rsquo;enfant sauvage\u00a0\u00bb dans le film de F. Truffaut.<\/p>\n<\/td>\n<td>\n<p style=\"text-align: center;\"><strong>TANE<\/strong><\/p>\n<p style=\"text-align: center;\">Le seul membre du groupe \u00e0 savoir lire la musique, il est mordu de salsa.<\/p>\n<\/td>\n<\/tr>\n<\/tbody>\n<\/table>\n<p style=\"text-align: center;\">&nbsp;&nbsp;&nbsp;<\/p>\n<table cellspacing=\"1\" cellpadding=\"1\" border=\"0\" align=\"center\">\n<tbody>\n<tr>\n<td style=\"text-align: center;\">&nbsp;<\/td>\n<\/tr>\n<tr>\n<td>&nbsp;<\/td>\n<\/tr>\n<\/tbody>\n<\/table>\n<p>&nbsp;<\/p>\n<p>&nbsp;<\/p>\n<p>&nbsp;<\/p>\n<p>&nbsp;<\/p>\n","protected":false},"excerpt":{"rendered":"<p>Depuis vingt ans, le groupe \u00ab Chico &amp; the Gypsies \u00bb se produit dans le monde entier et participe aux soir\u00e9es les plus prestigieuses (Paris, New York, Tokyo,&#8230;<\/p>\n","protected":false},"author":4,"featured_media":0,"parent":0,"menu_order":0,"comment_status":"open","ping_status":"open","template":"page-full.php","meta":{"ngg_post_thumbnail":0},"aioseo_notices":[],"_links":{"self":[{"href":"https:\/\/chico.fr\/chicowp\/wp-json\/wp\/v2\/pages\/616"}],"collection":[{"href":"https:\/\/chico.fr\/chicowp\/wp-json\/wp\/v2\/pages"}],"about":[{"href":"https:\/\/chico.fr\/chicowp\/wp-json\/wp\/v2\/types\/page"}],"author":[{"embeddable":true,"href":"https:\/\/chico.fr\/chicowp\/wp-json\/wp\/v2\/users\/4"}],"replies":[{"embeddable":true,"href":"https:\/\/chico.fr\/chicowp\/wp-json\/wp\/v2\/comments?post=616"}],"version-history":[{"count":29,"href":"https:\/\/chico.fr\/chicowp\/wp-json\/wp\/v2\/pages\/616\/revisions"}],"predecessor-version":[{"id":2933,"href":"https:\/\/chico.fr\/chicowp\/wp-json\/wp\/v2\/pages\/616\/revisions\/2933"}],"wp:attachment":[{"href":"https:\/\/chico.fr\/chicowp\/wp-json\/wp\/v2\/media?parent=616"}],"curies":[{"name":"wp","href":"https:\/\/api.w.org\/{rel}","templated":true}]}}